z(o) = o**2 - 35795*o - 143173. Determine z(-4).
23
Let m(z) = -3*z**2 + 78*z - 377. Calculate m(27).
-458
Let p(s) = -166*s**2 + 1175*s - 216. Calculate p(7).
-125
Let r(m) = 1388*m - 6066. Give r(4).
-514
Let o(u) = 3*u**2 - 1276*u + 45384. What is o(39)?
183
Let a(y) = 135*y + 2051. What is a(-21)?
-784
Let a(n) = -2*n**3 + 430*n**2 - 111*n + 23838. Determine a(215).
-27
Let x(r) = -r**3 + 14*r**2 + 67*r - 447. What is x(16)?
113
Let r(q) = 20*q - 263. Give r(35).
437
Let n(r) = -886988*r + 7095906. What is n(8)?
2
Let l(h) = h**3 - 58*h**2 - 249*h - 301. Calculate l(62).
-363
Let p(g) = -g**2 + 2559*g + 5121. Determine p(-2).
-1
Let k(c) = 202*c**3 + 39*c**2 - 82*c + 6. Give k(2).
1614
Let u(h) = -3102*h + 97467. Calculate u(31).
1305
Let o(b) = -b**3 + 128*b**2 + 69346*b + 201. What is o(-207)?
-6
Let d(g) = 2*g**3 - 124*g**2 - 5511*g - 924. Determine d(92).
-96
Let h(g) = 461156*g + 3228098. What is h(-7)?
6
Let l(x) = 7*x**2 - 8205*x - 115015. Calculate l(1186).
27
Let x(v) = -18*v**2 - 7141*v + 334090. What is x(-439)?
11
Let f(o) = -2*o**2 - 174*o - 2693. What is f(-64)?
251
Let a(i) = 3378*i - 13388. Calculate a(4).
124
Let x(d) = 7*d**2 + 28450*d + 28449. What is x(-1)?
6
Let v(l) = 918*l + 635. Calculate v(-1).
-283
Let h(v) = 21975*v - 110014. Give h(5).
-139
Let g(m) = m**3 + 16*m**2 - 211*m - 2742. Give g(-15).
648
Let k(d) = -89*d**2 + 148395*d - 53341. What is k(1667)?
3
Let f(w) = -13749009*w + 41247034. Calculate f(3).
7
Let i(f) = 518*f + 25493. What is i(-50)?
-407
Let k(z) = 1495*z + 8161. Give k(-5).
686
Let f(h) = -54530*h - 2944611. Calculate f(-54).
9
Let h(r) = -3*r**3 - 113*r**2 - 608*r - 19733. Determine h(-37).
25
Let b(v) = 15698*v + 27173242. Determine b(-1731).
4
Let b(k) = -216*k + 28931. What is b(134)?
-13
Let h(p) = p**3 + 13*p**2 - 6037*p - 78639. What is h(-13)?
-158
Let o(a) = 272*a**2 + 10907*a - 10048. Give o(-41).
-3
Let i(s) = -6*s**3 - 20*s**2 + 131*s + 217. Determine i(6).
-1013
Let u(p) = -9*p**2 + 111*p - 690. What is u(5)?
-360
Let t(u) = -15*u**2 + 431*u + 91409. Give t(-65).
19
Let d(w) = 12414*w + 97637. What is d(-8)?
-1675
Let l(w) = -70*w**2 + 146*w + 224. Determine l(5).
-796
Let r(c) = 616754*c + 20352878. What is r(-33)?
-4
Let x(w) = 2*w**3 - 219*w + 6218. Calculate x(0).
6218
Let g(p) = 24*p + 691. Give g(-33).
-101
Let r(g) = g**3 - 18*g**2 - 191*g + 3193. Give r(16).
-375
Let j(z) = 76*z**2 - 10103*z + 93425. Determine j(10).
-5
Let v(d) = -12*d**2 + 3189*d - 2351. Determine v(265).
34
Let b(s) = -23*s**3 - 5658*s**2 - 3*s - 607. Give b(-246).
131
Let j(d) = 4*d**3 + 193*d**2 - 53*d - 4774. What is j(-48)?
74
Let c(k) = -2245*k**3 + 2*k**2 - 4*k + 444. Determine c(0).
444
Let i(o) = -1535150*o + 7675738. Calculate i(5).
-12
Let q(h) = 32519*h + 1333295. Give q(-41).
16
Let d(y) = -1518*y - 27337. Determine d(-18).
-13
Let s(n) = 2129*n - 110697. Calculate s(52).
11
Let p(o) = 26*o**3 + 5*o**2 + 233*o + 309. Give p(0).
309
Let k(b) = 2720*b**3 - 16*b**2 - b + 15. Determine k(-1).
-2720
Let j(g) = g**2 - 3740*g - 4060112. What is j(-879)?
-11
Let y(v) = -330*v + 5050. Give y(13).
760
Let w(u) = 438462*u - 78046230. Calculate w(178).
6
Let c(j) = 119*j**2 - 766*j + 26. What is c(6)?
-286
Let s(k) = 1001*k**2 + 9169*k + 1443. Determine s(-9).
3
Let r(f) = 9*f**3 + 342*f**2 + 45*f + 2996. Calculate r(-38).
1286
Let c(x) = -x**3 - 57*x**2 - 181*x - 3907. Calculate c(-55).
-2
Let m(q) = -5*q**2 + 1358*q - 6157. Determine m(267).
-16
Let x(d) = 30793*d + 3171682. Give x(-103).
3
Let t(h) = 2*h**3 - 468*h**2 + 22552*h + 3984. Give t(166).
0
Let q(m) = -33*m**2 - 2860*m + 968. What is q(-87)?
11
Let r(p) = 83025*p - 1079332. Give r(13).
-7
Let h(d) = -d**3 + 113*d**2 + 999*d + 289551. Determine h(136).
7
Let w(u) = -13*u**2 + 1149*u + 3054. Give w(91).
-40
Let h(z) = 128*z + 1403. Give h(-10).
123
Let h(w) = w**3 - 71*w**2 - 721*w + 31574. Calculate h(75).
-1
Let s(q) = -1426*q + 4084. Determine s(2).
1232
Let o(s) = s**3 + 3*s**2 + 37*s + 71. Give o(-4).
-93
Let g(o) = 45*o**2 - 22526*o - 22574. Determine g(-1).
-3
Let m(x) = x**3 - x**2 + 110*x - 324. Calculate m(3).
24
Let c(w) = -6036*w + 307835. Determine c(51).
-1
Let s(y) = 2*y**3 - 521*y**2 + 232*y + 7191. Calculate s(260).
-89
Let v(y) = -3*y**3 - 159*y**2 + 166*y + 347. What is v(-54)?
131
Let c(m) = m**3 - 6*m**2 - 24*m + 135. What is c(7)?
16
Let i(h) = 1428*h - 68538. Give i(48).
6
Let g(a) = 13602*a - 639379. Determine g(47).
-85
Let w(a) = -366*a**2 + 1186*a - 206. Calculate w(3).
58
Let s(n) = 37*n**2 + 405*n + 39. What is s(-13)?
1027
Let z(a) = -210*a**3 - 9872*a**2 - 90*a + 190. Determine z(-47).
2
Let s(y) = -8*y**2 - 188*y + 786. Calculate s(-27).
30
Let p(o) = -12*o**3 + 127*o**2 + 50*o + 23. Give p(11).
-32
Let k(r) = -3692*r - 26233. What is k(-7)?
-389
Let t(q) = 4052*q - 1807197. What is t(446)?
-5
Let a(k) = -43365*k + 607279. Calculate a(14).
169
Let l(d) = -192*d - 12489. Calculate l(-69).
759
Let i(f) = -2*f**3 - 52*f**2 + 1366*f - 4164. What is i(-43)?
-36
Let s(m) = -40*m**3 + 17*m**2 + 51*m + 111. Determine s(-2).
397
Let u(p) = -157*p**2 - 26*p - 57. Determine u(-2).
-633
Let m(j) = 11*j**2 + 2423*j + 7161. Give m(-3).
-9
Let m(z) = 7*z**3 - 7969*z**2 - 4446*z - 125298. Determine m(1139).
-8
Let l(d) = -2*d**3 - 63*d**2 + 875*d + 29122. Calculate l(-23).
4
Let l(n) = -3216*n - 17514. What is l(-5)?
-1434
Let a(u) = u**3 + 204*u**2 - 176*u + 4506. Give a(-205).
-1439
Let v(f) = 3033*f + 221673. Calculate v(-73).
264
Let n(o) = 589213*o - 2356805. Calculate n(4).
47
Let q(o) = -45151*o + 226848. What is q(5)?
1093
Let k(m) = -15*m**2 + 1661*m + 502. Give k(111).
58
Let k(n) = 1145*n - 16041. Determine k(14).
-11
Let h(c) = 1121*c + 8119. Calculate h(-7).
272
Let a(c) = 621*c + 91. Give a(-3).
-1772
Let u(b) = -5*b**2 - 233*b + 31145. Give u(59).
-7
Let t(i) = -2*i**3 + 91*i**2 - 874*i + 157. Calculate t(13).
-220
Let m(u) = -u**2 + 569*u - 27819. Calculate m(54).
-9
Let o(k) = 7*k**3 + 401*k**2 - 416*k - 7306. Calculate o(-58).
2
Let d(a) = 3*a**2 + 256*a - 93182. What is d(-224)?
2
Let b(q) = 244514*q - 733527. What is b(3)?
15
Let f(y) = 22*y**2 + 176*y - 449. Give f(-10).
-9
Let o(z) = 2*z**3 - 15*z**2 - 1578*z - 87. Give o(32).
-407
Let x(i) = -14*i**2 - 29067*i + 58220. What is x(2)?
30
Let u(x) = 8*x**3 - 28*x**2 + 14*x - 22. Determine u(7).
1448
Let t(g) = 105*g + 3443. Calculate t(-45).
-1282
Let d(q) = 2*q**3 + 632*q**2 - 51*q - 15867. Give d(-316).
249
Let x(y) = y**3 - 79*y**2 + 706*y + 381. Give x(68).
-2475
Let m(t) = t**2 + 3919*t - 106549. Calculate m(27).
-7
Let o(a) = 10*a**3 + 167*a**2 + 79*a + 89. Give o(-17).
-2121
Let w(b) = 178722*b + 2144674. Calculate w(-12).
10
Let x(l) = -l**3 + 54*l**2 + 722*l + 95. What is x(-11)?
18
Let o(i) = 34219*i - 2121575. Calculate o(62).
3
Let y(z) = z**3 - 405*z**2 - 5403*z + 400. Calculate y(-13).
-3
Let t(d) = 674*d**3 - 16*d**2 - 158*d - 142. What is t(-1)?
-674
Let o(a) = 3*a**2 - 1001*a + 2707. Determine o(331).
59
Let o(x) = x**2 - 18596*x - 37183. Calculate o(-2).
13
Let o(m) = -8302*m + 804877. Give o(97).
-417
Let y(h) = -2*h**2 + 927*h + 13853. Give y(-15).
-502
Let k(w) = 4*w**2 - 880*w - 4365. Give k(-5).
135
Let w(r) = -9586*r + 106036. Calculate w(11).
590
Let x(v) = -v**2 + 1029*v + 11373. Calculate x(-11).
-67
Let n(t) = t**3 - 5*t**2 + 27*t - 106. Determine n(8).
302
Let h(n) = -10159894*n + 60959374. Give h(6).
10
Let i(b) = -85687*b + 3256101. Calculate i(38).
-5
Let u(w) = -43804*w + 19405178. Calculate u(443).
6
Let o(f) = -1571*f - 553024. Calculate o(-352).
-32
Let u(a) = 4313*a - 112145. Determine u(26).
-7
Let h(c) = -530*c**2 + 6091*c - 7910. Calculate h(10).
0
Let t(l) = -53124*l + 478094. Determine t(9).
-22
Let u(d) = 7*d**3 - 250*d**2 - 20*d - 1793. Calculate u(36).
79
Let h(t) = -4*t**2 + 4233*t + 189420. What is h(-43)?
5
Let x(n) = 3*n**3 + 91*n**2 + 497*n - 51. Determine x(-6).
-405
Let s(d) = d**3 - 199*d**2 - 568*d + 113027. Calculate s(199).
-5
Let x(k) = k**3 + 39*k**2 + 272*k + 8799. Determine x(-38).
-93
Let o(s) = s**2 + 2277*s + 490690. Give o(-241).
14
Let a(s) = 115*s**2 + 45*s + 104. What is a(-2)?
474
Let n(t) = 396*t + 7434. What is n(-19)?
-90
Let h(g) = 3151*g**2 - 40967*g - 19. Determine h(13).
-71
Let 